4925015?
5, 7, 13, 139, 179, 193
What are the prime factors of 28723384?
2, 313, 11471
List the prime factors of 6414443705.
5, 1282888741
List the prime factors of 36681769.
36681769
What are the prime factors of 1047223402?
2, 523611701
What are the prime factors of 215547389?
449, 480061
What are the prime factors of 2007050673?
3, 1171, 571321
What are the prime factors of 129153485?
5, 41, 630017
List the prime factors of 136268587.
7, 13, 127, 907
List the prime factors of 1919137205.
5, 29, 83, 159463
List the prime factors of 249840160.
2, 5, 17, 31, 2963
List the prime factors of 1198595275.
5, 107, 448073
What are the prime factors of 95341126?
2, 19, 103, 24359
What are the prime factors of 103842627?
3, 7, 41, 120607
What are the prime factors of 223494231?
3, 2269, 32833
What are the prime factors of 2536822037?
9973, 254369
List the prime factors of 716588628.
2, 3, 7, 8530817
What are the prime factors of 177478506?
2, 3, 19, 172981
List the prime factors of 4617400.
2, 5, 23087
What are the prime factors of 30671562?
2, 3, 5111927
List the prime factors of 11291696.
2, 13, 54287
List the prime factors of 68790437.
37, 1859201
What are the prime factors of 50622120?
2, 3, 5, 140617
What are the prime factors of 191302459?
157, 1218487
What are the prime factors of 332272664?
2, 107, 388169
List the prime factors of 581698474.
2, 7, 23, 103, 17539
List the prime factors of 936856307.
936856307
What are the prime factors of 1030233503?
13, 23, 3445597
List the prime factors of 6853912.
2, 13, 59, 1117
What are the prime factors of 142321339?
142321339
What are the prime factors of 25424555?
5, 13, 599, 653
What are the prime factors of 2765129024?
2, 7, 61, 101183
What are the prime factors of 406662864?
2, 3, 1103, 7681
What are the prime factors of 27146786?
2, 13573393
What are the prime factors of 3859189?
3859189
What are the prime factors of 9209401567?
9209401567
List the prime factors of 526324192.
2, 16447631
List the prime factors of 1069670943.
3, 11, 10804757
What are the prime factors of 158214062?
2, 2237, 35363
What are the prime factors of 23932727?
7, 13, 37571
What are the prime factors of 755526518?
2, 89, 131, 32401
What are the prime factors of 466908031?
466908031
List the prime factors of 121106017.
23, 43, 122453
List the prime factors of 718748072.
2, 7, 73, 25117
List the prime factors of 178597952.
2, 13, 97, 2213
What are the prime factors of 1668459127?
1087, 1534921
What are the prime factors of 288923993?
17, 47, 89, 239
List the prime factors of 81405042.
2, 3, 13567507
List the prime factors of 129381847.
7, 29, 637349
What are the prime factors of 769990820?
2, 5, 38499541
List the prime factors of 123149929.
7, 17592847
List the prime factors of 3266625872.
2, 769, 265493
What are the prime factors of 761087828?
2, 139, 149, 9187
What are the prime factors of 12842787?
3, 4280929
List the prime factors of 68139276.
2, 3, 5678273
List the prime factors of 12631040.
2, 5, 2467
List the prime factors of 1829456402.
2, 914728201
What are the prime factors of 17657673?
3, 11, 109, 4909
List the prime factors of 397045709.
397045709
List the prime factors of 178380566.
2, 7, 13, 29, 33797
What are the prime factors of 1739044818?
2, 3, 7, 17, 811879
What are the prime factors of 120825363?
3, 107, 113, 3331
What are the prime factors of 5982225973?
73, 81948301
List the prime factors of 3560977280.
2, 5, 7, 29, 27409
List the prime factors of 1825332703.
29, 1453, 43319
What are the prime factors of 767857402?
2, 13, 83, 355819
List the prime factors of 3057825463.
7, 11, 39712019
List the prime factors of 75789899.
23, 3295213
List the prime factors of 33050796.
2, 3, 1063, 2591
What are the prime factors of 573912445?
5, 23, 4990543
What are the prime factors of 145254200?
2, 5, 7, 13, 23, 347
List the prime factors of 476439129.
3, 1129, 46889
What are the prime factors of 51362859?
3, 17120953
List the prime factors of 1281160590.
2, 3, 5, 42705353
List the prime factors of 49119093.
3, 59, 92503
What are the prime factors of 540878170?
2, 5, 7, 73, 15121
What are the prime factors of 83041901?
31, 43, 62297
What are the prime factors of 377985614?
2, 457, 413551
List the prime factors of 141270990.
2, 3, 5, 7, 127, 5297
List the prime factors of 717407802.
2, 3, 39855989
What are the prime factors of 1445218937?
1445218937
List the prime factors of 152800521.
3, 113, 479, 941
List the prime factors of 45612091.
7, 930859
List the prime factors of 956433558.
2, 3, 863, 184711
What are the prime factors of 41267945?
5, 109, 75721
What are the prime factors of 814024871?
11, 347, 213263
List the prime factors of 105516454.
2, 347, 152041
What are the prime factors of 44489487?
3, 7, 2118547
List the prime factors of 246269191.
7, 17, 2069489
List the prime factors of 136403463.
3, 7, 2339, 2777
What are the prime factors of 2980328570?
2, 5, 298032857
List the prime factors of 25591780.
2, 5, 337, 3797
What are the prime factors of 26371248?
2, 3, 23, 23887
List the prime factors of 233428316.
2, 11, 5305189
What are the prime factors of 3651314?
2, 73, 89, 281
List the prime factors of 3552688068.
2, 3, 59, 61, 82261
List the prime factors of 510164381.
239, 2134579
What are the prime factors of 5617524378?
2, 3, 53, 17665171
What are the prime factors of 1735671800?
2, 5, 8678359
List the prime factors of 183657795.
3, 5, 31, 394963
List the prime factors of 2838625434.
2, 3, 631, 249923
What are the prime factors of 6605274?
2, 3, 13, 19, 4457
What are the prime factors of 3305230623?
3, 5791, 21139
List the prime factors of 505104638.
2, 31, 1069, 7621
What are the prime factors of 8730429?
3, 2910143
What are the prime factors of 46277885?
5, 31, 293, 1019
What are the prime factors of 19442957?
61, 318737
List the prime factors of 261732432.
2, 3, 13, 419443
List the prime factors of 370814534.
2, 3301, 56167
What are the prime factors of 206138744?
2, 7, 3681049
What are the prime factors of 1673125882?
2, 503, 1663147
What are the prime factors of 5929322?
2, 7, 53, 61, 131
What are the prime factors of 249319070?
2, 5, 7, 11, 13, 24907
List the prime factors of 151075950.
2, 3, 5, 1007173
List the prime factors of 153016315.
5, 641, 47743
List the prime factors of 2536906827.
3, 7, 13, 47, 67, 227
What are the prime factors of 35618983?
35618983
What are the prime factors of 127966237?
7, 43, 311, 1367
What are the prime factors of 97773864?
2, 3, 73, 55807
List the prime factors of 285949869.
3, 23, 4144201
What are the prime factors of 150984394?
2, 11, 61, 112507
What are the prime factors of 132447110?
2, 5, 23, 575857
List the prime factors of 46343033.
11, 19, 221737
What are the prime factors of 1328579362?
2, 11, 47, 89, 14437
List the prime factors of 22831567.
11, 191, 10867
What are the prime factors of 80220502?
2, 233, 172147
List the prime factors of 361645300.
2, 5, 3616453
What are the prime factors of 63953196?
2, 3, 1471, 3623
List the prime factors of 76802116.
2, 19200529
What are the prime factors of 2589126520?
2, 5, 17, 3807539
List the prime factors of 66739805.
5, 11, 1213451
What are the prime factors of 44036448?
2, 3, 97, 4729
What are the prime factors of 1439150998?
2, 47, 15310117
List the prime factors of 1830228045.
3, 5, 107, 937, 1217
What are the prime factors of 1376916687?
3, 152990743
List the prime factors of 2156281364.
2, 11351, 47491
List the prime factors of 2764868943.
3, 921622981
List the prime factors of 232133749.
232133749
List the prime factors of 797837222.
2, 7, 13, 43, 97, 1051
What are the prime factors of 501746957?
1097, 457381
What are the prime factors of 811139904?
2, 3, 17, 82837
What are the prime factors of 16443185?
5, 11, 47, 6361
What are the prime factors of 620081074?
2, 19, 29, 19403
What are the prime factors of 63443922?
2, 3, 10573987
What are the prime factors of 447224846?
2, 37, 79, 113, 677
What are the prime factors of 1005493969?
1005493969
List the prime factors of 22729635.
3, 5, 23, 21961
What are the prime factors of 70094892?
2, 3, 7, 23, 71, 73
List the prime factors of 6956365215.
3, 5, 19, 24408299
List the prime factors of 756478066.
2, 47, 149, 54011
What are the prime factors of 18254928?
2, 3, 3803